4))?
-28
What is the value of 2440 + -2403 + 0 + -43?
-6
Calculate (-26 - (-66 + 16) - -10) + -9.
25
Calculate 31 + 4 + (-80 - (-19 - 75)).
49
Evaluate -2 + 33 - (-20 + 28 + (3 - 11)).
31
Evaluate (12 - (-1 + 15)) + -8 + 7 - (-2 - -2).
-3
What is (62 - (0 - -14) - -9 - -14) + (9 - 3)?
77
Calculate 40 + 8 + 24 + (5 - 18).
59
Calculate -19 - 4 - (-1008 + 1013).
-28
Evaluate 987 - 1043 - (1 + -80).
23
-46 - (-25 - (-64 + 78))
-7
Evaluate -48 + 0 + -6 + (5 - (6 + 10 + -14)).
-51
Evaluate (-15 + (-5 - 4) - -47) + -45.
-22
-4 + -2 + (-28 - -21) - (4 - 3)
-14
What is 228 + (-40 - 239) - (0 + 46)?
-97
Evaluate (-15 - (-15 - 6)) + -13 + -15.
-22
Evaluate -108 + (140 + -29 - -19).
22
-11 + (-18 - -3) + 31 + -12 + 1 + 88
82
What is 18 + -8 + (-32 - -28)?
6
(-71 + 107 - 56) + -53
-73
Calculate -31 - (-6 - -1 - -9) - (-60 - -45).
-20
What is -70 + -53 + 34 + 149?
60
Calculate -1 - 23 - -12 - (-3 - 1).
-8
What is -4 + (12 - 5) - -1 - (18 - (-11 + 20))?
-5
-7 + 33 - (-56 - (-2 - 30))
50
-29 + (-17 + 0 - (-197 - -182))
-31
What is the value of -10 + 9 + -1 + 15 - (1164 + -1139)?
-12
What is the value of -3 + (-1 + -5 + 2 + -2 - (-170 - -175))?
-14
-112 - (-8 - (54 + -31)) - -4
-77
Evaluate 1 - 9 - (167 + -150) - 14.
-39
What is 15 + -19 + 4 + (41 - 26) + 2 + 4?
21
Evaluate -863 - -950 - (-4 + -44).
135
What is (-1 - 48) + (618 - 518)?
51
Calculate -88 + 8 + -20 + 1 + 11 + 10 + -2.
-80
What is the value of -119 + 79 - (-21 + (15 - 4))?
-30
(4 + 0 - -7) + (-18 - 58)
-65
What is the value of (0 - 15 - (-43 + (17 - -1))) + (1 - 17)?
-6
Calculate -30 + 151 + -146 + (-55 - -8).
-72
What is the value of 138 + -119 + (-10 - -4)?
13
2 + 9 + (-3 - (3 - 28))
33
What is the value of (-40 + 31 - 23) + -8?
-40
(-41 + 86 - 42) + 119
122
(-16 - -15 - -15 - (-22 + 5)) + 15
46
What is the value of 8 - (-9 + 4 - -9 - 0 - (61 + 3))?
68
What is the value of -63 - -1 - (3 - (-5 - (17 + -1 + -28)))?
-58
Evaluate 34 + -52 - (6 - 21 - 16).
13
Evaluate 35 - 43 - 18 - -52.
26
Calculate 55 - (31 - -22) - -8.
10
What is 18 + 66 + (5 - -2) + 3 + 4 + 0?
98
14 + 25 + -40 + (1 - 8) + 0 + -4
-12
14 + (-9 + (9 - (-8 + 19)) - 38)
-35
-205 - -338 - (4 + 30)
99
What is -20 - ((22 - 2) + -366 + 374)?
-48
What is the value of (7 - (-6 - -23)) + (9 - 9) + 10 - 10?
-10
(24 + -6 - (1 - -35)) + -2 + -1
-21
Evaluate -42 + 35 + -59 + (7 + -8 - 0) + 1.
-66
Evaluate 91 - (-89 + 69 - (-32 + 5) - 16).
100
What is the value of (-30 - -112) + -89 - -87?
80
What is -141 + 31 - 18 - (-13 - -22) - (0 - -5)?
-142
What is -7 + 8 + 47 + -88 - -165?
125
(99 - 110) + -5 - (5 - -1)
-22
Evaluate (-10334 - -10328) + (0 + 2 - 3 - 0).
-7
-18 - (-4 - -6 - (-5 + 20) - -61)
-66
What is 10 + (0 + 0 - (88 + -29) - 2) + -1?
-52
Calculate (89 - 93) + -44 + -11.
-59
Calculate (-10 - -2) + (0 - (-15 - 3 - -15)) + -7.
-12
Calculate -13 - (48 + -77 + (5 - (-10 - (2 - 4)))).
3
What is -12 - 2 - (12 - 8 - -17) - (-4 + -5)?
-26
Evaluate 35 - (92 + -34 + 7).
-30
Evaluate (0 - -20) + (-93 - -119) + (1 - 17).
30
-145 - -89 - -119 - 164
-101
Evaluate 5 + 1 - (-7 + (-7 + 54 - 30)).
-4
What is the value of -14 + 27 + (-11 - (2 + (20 - 11)))?
-9
What is the value of 51 + 0 + (105 - 158)?
-2
What is (-65 - 15) + 40 + -21?
-61
Calculate -12 + ((3 - 2) + 47 + -60 - -36) - -71.
83
What is the value of (121 + -93 - (12 - 0)) + -102?
-86
What is 66 + 5 + 363 + -412?
22
Calculate (88 + 19 - 28) + -20.
59
What is the value of (111 + -87 - 39) + 39?
24
Evaluate -2 + 82 + 2313 + -2460.
-67
Evaluate 2 + (-2 + 19 - 38) - -14 - (-3 - -84).
-86
(-10 - -62 - 97) + 31 + 1 + 1 + -40
-52
Evaluate (-1045 - -1054 - (-34 - -2)) + -3.
38
Calculate -40 - -44 - (-2 + -7 + 13) - (2 - 60).
58
-18 - 1 - (-48 - (79 + -126))
-18
Evaluate -154 - (3 + 18 + 597 + -628).
-144
What is the value of 95 + (-36 + 12 - 9) + 34?
96
What is the value of -17 - (2 - -1) - (-526 + 539)?
-33
Evaluate 17 + -3 + -2 - ((29 - 11) + -47).
41
Calculate 25 - -6 - -14 - (-108 + 81).
72
Evaluate 10 - (-9 + (-5 - -30) - 12) - 48.
-42
What is -78 - (-142 + 108 - 74)?
30
Evaluate 31 - ((-5 - 0) + 1092 + -1073).
17
What is the value of -18 + 25 + -20 + (26 - 1) + 4 + -5?
11
What is the value of (45 - (-36 - -62)) + 48?
67
What is the value of -67 - 1 - (184 + -260)?
8
What is the value of 21 + 0 + 4162 + -4149?
34
(68 - (73 + -43)) + -2
36
Calculate 3 - ((-13 - (-43 + 10)) + (-99 - 0)).
82
What is -136 + 54 + -78 - -92?
-68
-9 + 105 + -34 + 33 + 1
96
What is the value of (-10 - (-14 + -8) - 25) + 27?
14
Evaluate -10 + -2 + (-33 - -3).
-42
Evaluate -80 - (1 - (52 + -31 + -20 - (3 - -6))).
-89
What is -15 + (-8 + 1 - (-77 + 12))?
43
What is 107 - (91 - (31 - 138))?
-91
What is the value of 8 - (1 + (7 - (-3 + 8))) - (-74 - -48)?
31
-20 + -2 + 14 + 12 - -40
44
What is -14 - (12 - (526 - 522 - (1 - 28)))?
5
Calculate -93 + -36 + 17 + 14 - ((0 - 14) + 4).
-88
What is the value of 10 - (-7 - (-2 + (12 - -1) + -5))?
23
Calculate (-91 - (-33 - 53)) + (-23 - 0).
-28
Calculate -1885 + 1785 + (168 - 0).
68
What is 1322 + -1304 - (35 - 1)?
-16
What is (-22 - (-28 + 10 + 5)) + 20 + 2?
13
7 - (18 - 43 - -87)
-55
What is 1 + -15 - (53 - (230 + -113))?
50
Calculate -11 + 3 - (13 - (-7 - -9 - 11)).
-30
What is -3 - (14 - 18 - 2 - 19)?
22
What is (9 - (8 + -65)) + -7 + (-8 - -2)?
53
Calculate -1737 - -1721 - (2 + -12).
-6
What is (86 - 64) + -22 + -13 + 17?
4
2 + -6 - (25 + (-85 - -54))
2
What is (-41 - -29) + 2 + (6 - 2) + -5?
-11
What is the value of 2 + 4 - (11 + -11) - (49 - 2)?
-41
Evaluate -1022 - -1046 - (37 - (-5 - -4)).
-14
What is the value of 65 + (-105 - -21) - 43?
-62
What is the value of 192 - 1 - (-18712 - -18822)?
81
Calculate 1 + 14 - (2 - 12 - ((13 - -27) + -48)).
17
What is (78 - 67 - (3 - (4 + -26))) + 52 + -7?
31
-63 + (0 - (27 + -57))
-33
62 + (-2 - -3) + (53 - 67 - -7) + 6
62
What is the value of -20 + 0 + 12 + (0 + 1 - -56)?
49
Calculate -13 + 10 + 3 + 34 + -40 + 7 - 39.
-38
What is the value of -19 + (100 - (15 + 13)) + -11?
42
Calculate (-9 - (37 + (-84 - -54))) + 0 + -3.
-19
17 + (82 - 164) - (-1 + -20)
-44
Evaluate 43 - (1 + -29 - (349 - 359)).
61
What is 16 + 0 + -22 + -1 + -379 + 398?
12
Evaluate -56 + -12 + 33 - (-84 + 25).
24
What is -37 + (64 - (-12 + 32))?
7
Evaluate (-334 - -350) + (-30 - 1).
-15
-20 + -2 + -4 + 0 + 2 + (41 - 46)
-29
What is 0 - (18 + -3 + (-10 + 14 - 3))?
-16
What is 46 - ((-9 - -17) + -4 - (-6 + (-6 - -11)))?
41
Calculate -8 - (12 - (22 + -18)).
-16
2 + -6 + -1 + 8 - (-10 + (22 - -41))
-50
Calculate (-5 - -58) + (6 - (-17 + 38)) + -3.
35
Calculate -7 + -8 + 10 - (1 + 10 + -8).
-8
36 + (127 - 138) + -2 + 5 + -3
25
Calculate (-79 - 1) + (-11 - -32) + -10.
-69
What is the value of 184 - 23 - (-17 + 54 - 0)?
124
-4 - -7 - ((23 - -6) + -46)
20
Evaluate (6 - 4) + 4 + -3 + 3 + -2 - -35.
39
What is the value of (1 - -1) + -9 + -6 + 21 + -7 + 39?
40
Calculate 3 + 2 - (4 - (-1 - 3) - (18 + -18)).
-3
What is -178 + 56 + 59 - ((1 - -1) + 0)?
-65
75 + -78 + (-7 - (5 + -6)) - -18 - -3
12
Evaluate (65 - 48 - 21) + 47.
43
Calculate (-14 - (-29 - -28 - 22)) + 106.
115
What is -203 + 339 - 140 - ((-2 - 0 - -1) + 41)?
-44
Evaluate 24 - 21 - (-45 - -44).
4
What is (-46 - 22 - -125) + -7?
50
Calculate -2 + -2 - (-13 + 98 + -50).
-39
-11 + -1 + 35 + -29 + 7
1
(2645 - 2608) + (-1 - 38)
-2
What is (79 - 69) + (8 - 0) + (3 - 8 - -3)?
16
Calculate (10 - -10) + 6 + 6 + -1 + (-20 - -19).
30
Evaluate 8 + 5 + -314 + 257.
-44
-22 - (-17 + (-17 - -53) + 3)
-44
What is the value of (-26 + 17 - -8 - (-4 + 30 - -6)) + -9?
-42
Evaluate (2 - -4) + (4 - -27) + 21 + -22 + -1.
35
Evaluate (-3 + 112 - (-1 - -6)) + (6 - (16 + -2)).
96
What is the value of (-54 - -111) + -81 + 40?
16
(2 - (6 + -1)) + (0 + -11 - -8) - 16
-22
What is (232 - 89) + -159 + -2 + 68 + 0?
50
What is the value of (6 - (-26 + (-8 + 26 - 5))) + -5 + 56?
70
What is the value of 72 - (-98 + -98 + 180)?
88
What is (16 - 18 - 27) + 11 + 23?
5
Evaluate (45 + -66 - 30) + 7.
-44
-13 + -11 + -18 + 3
-39
What is the value of 2 + 18 + (-100 - (-3 + -71))?
-6
Evaluate (37 - (-2 - (-30 - (-4 + -5)))) + 82.
100
What is the value of -66 - (12 - (22 + -14))?
-70
4 + 1 - ((-40 - -47) + 6 - 24)
16
63 + -37 - (26 + -6 + -13)
19
What is the value of 20 + (-5 + -2 - (-100 - -97 - (3 - 1)))?
18
Calculate 57 - ((-572 - -566) + ((-8 - -3) + 2 - -16)).
